 c(y) = -y**3 - 138*y**2 + 1310*y + 873. What is c(-147)?
2784
Let r(m) = -m**3 + 144*m**2 - 2471*m - 1291. Calculate r(124).
-175
Let f(r) = -20703*r - 144923. What is f(-7)?
-2
Let w(i) = 7*i**3 - 831*i**2 - 239*i - 27. Determine w(119).
-146
Let a(s) = s**2 + 23302*s - 256391. Calculate a(11).
52
Let z(n) = -1867868*n + 3735738. What is z(2)?
2
Let n(b) = 20754*b - 2469775. Calculate n(119).
-49
Let q(p) = 2*p**2 - 1289*p - 137141. Give q(-93).
34
Let m(j) = -2*j**3 - 544*j**2 - 1097*j - 4580. Calculate m(-270).
10
Let h(y) = y**3 + 533*y**2 + 40222*y + 7. Give h(-442).
7
Let a(o) = 8*o**3 - 81*o**2 + 92*o + 3. What is a(9)?
102
Let z(y) = -441*y - 4246. What is z(-7)?
-1159
Let n(l) = 115*l**2 - 300*l - 1285. Give n(-4).
1755
Let l(q) = 41*q**2 - 3392*q - 1023. Give l(83).
-110
Let k(a) = 4*a**3 - 260*a**2 - 79*a + 5401. Calculate k(65).
266
Let c(t) = 3*t**2 - 1397*t + 17235. What is c(453)?
21
Let s(n) = -n**3 + 17*n**2 - 2933*n + 43443. Give s(15).
-102
Let a(p) = -81391*p - 12778386. Calculate a(-157).
1
Let r(i) = i**2 - 188*i + 4877. Give r(38).
-823
Let a(z) = -3*z**3 - 236*z**2 + 1015*z - 92. Determine a(4).
0
Let h(w) = -418*w**2 - 601*w + 599. Determine h(1).
-420
Let f(c) = 67318*c - 335520. Give f(5).
1070
Let s(v) = v**3 - 221*v**2 - 912*v + 1404. Give s(225).
-1296
Let d(n) = -1994*n - 19352. What is d(-9)?
-1406
Let v(o) = o**2 - 5510*o + 44014. Calculate v(8).
-2
Let d(z) = -6*z**3 - 120*z**2 - 148*z - 2352. Determine d(-19).
-1706
Let b(q) = -17395*q - 730591. What is b(-42)?
-1
Let g(q) = 26*q**3 + q**2 - 700*q - 1403. Determine g(-2).
-207
Let o(k) = k**2 + 555*k - 12926. Calculate o(23).
368
Let r(v) = 2110*v + 156137. Give r(-74).
-3
Let n(f) = 7298*f + 2714850. Calculate n(-372).
-6
Let h(i) = -2299*i - 13838. Give h(-6).
-44
Let v(b) = -b**3 + 140*b**2 - 440*b + 1390. What is v(137)?
-2583
Let w(t) = -t**3 + 10*t**2 - 134*t + 956. Give w(8).
12
Let v(w) = -2*w**3 - 64*w**2 - 558*w - 714. What is v(-15)?
6
Let s(x) = -189304*x - 3596769. Calculate s(-19).
7
Let k(b) = -b**3 + 41*b**2 - 1868*b + 35024. What is k(24)?
-16
Let d(f) = -16*f**2 - 98*f + 349. What is d(10)?
-2231
Let h(z) = 6460*z - 1078849. Give h(167).
-29
Let l(m) = m**3 + 886*m**2 - 21847*m - 11. Determine l(24).
-179
Let w(n) = 3*n**3 - 49*n**2 - 128*n + 2283. What is w(16)?
-21
Let f(l) = 5*l**3 + 12*l**2 - 849*l - 3548. Give f(-4).
-280
Let y(c) = c**3 - 96*c**2 + 538*c + 120. What is y(90)?
-60
Let b(q) = 2*q**2 + 161*q + 2911. Give b(-58).
301
Let j(s) = 2*s**2 - 716*s - 60005. Calculate j(-70).
-85
Let a(f) = 2229211*f + 17833685. Give a(-8).
-3
Let u(w) = -2*w**3 + 74*w**2 - 552*w + 17207. Calculate u(36).
-73
Let q(l) = 46*l - 3892. What is q(79)?
-258
Let a(j) = 37*j**2 - 693*j + 690. Determine a(1).
34
Let n(p) = -7*p**3 - 9*p**2 - 11*p + 20. Calculate n(-3).
161
Let h(v) = -152812*v - 458426. What is h(-3)?
10
Let a(t) = -t**3 + 4*t**2 + 107*t - 107. Determine a(-10).
223
Let a(i) = i**3 - 10*i**2 + 674*i - 4558. Give a(7).
13
Let y(v) = 2*v**3 + 491*v**2 - 3810*v - 3808. Give y(-253).
-13
Let h(i) = -13949*i + 320761. What is h(23)?
-66
Let u(t) = 7*t**3 - 25*t**2 - 809*t + 3180. Calculate u(4).
-8
Let r(s) = -44*s**3 + 616*s**2 - 12*s + 182. Calculate r(14).
14
Let j(g) = 5*g**2 + 44*g + 108. Determine j(-5).
13
Let j(t) = 8*t**2 + 24981*t + 49956. Calculate j(-2).
26
Let b(y) = 7*y**3 - 43*y**2 + 13*y - 39. Calculate b(6).
3
Let s(d) = -187*d**3 + 2058*d**2 - 194*d + 1967. Calculate s(11).
-46
Let h(g) = 2653*g + 612843. Calculate h(-231).
0
Let q(p) = 16825*p - 336498. What is q(20)?
2
Let z(k) = -151*k**2 + 11443*k + 2517. Determine z(76).
9
Let l(q) = 95*q - 2287. Determine l(28).
373
Let q(x) = -599*x**2 - 86246*x + 1404. Calculate q(-144).
-36
Let o(n) = -9068*n**2 + 253899*n + 115. Calculate o(28).
-25
Let d(y) = 863*y**2 - 945*y - 6. What is d(1)?
-88
Let k(s) = -s**3 - 74*s**2 + 325*s + 676. Calculate k(-78).
-338
Let d(j) = j**3 + 328*j**2 + 312*j - 4970. Calculate d(-327).
-65
Let r(a) = 157*a**2 - 53056*a - 3390. What is r(338)?
-10
Let z(p) = 3*p**2 + 270*p + 116. Determine z(-89).
-151
Let g(o) = -6*o**2 - 4597*o - 63183. Determine g(-14).
-1
Let s(a) = -a**2 - 243*a - 5627. Calculate s(-26).
15
Let d(r) = 594*r - 244102. Determine d(411).
32
Let y(a) = a**3 + 99*a**2 - 100*a + 649. What is y(-100)?
649
Let i(n) = -n**2 - 482*n - 54706. Determine i(-183).
11
Let h(o) = o**2 - 284*o - 24173. Determine h(-67).
-656
Let s(o) = -37*o**3 - 1411*o**2 + 11426*o - 175. Calculate s(-45).
5
Let t(h) = 3*h**3 + 4*h**2 - 1765*h + 257. Determine t(-25).
7
Let k(l) = -327929*l - 8854088. Give k(-27).
-5
Let v(d) = -591*d + 5859. What is v(11)?
-642
Let o(f) = 359510*f - 2516584. What is o(7)?
-14
Let n(g) = 41941*g + 251637. What is n(-6)?
-9
Let v(l) = -17*l**3 + 3*l**2 + 101*l + 208. What is v(-4)?
940
Let q(r) = 15253*r + 74373. Calculate q(-5).
-1892
Let s(h) = 2*h**2 - 176*h + 3367. Determine s(27).
73
Let f(l) = -1540*l + 64116. Give f(37).
7136
Let j(n) = -13638*n + 300432. Calculate j(22).
396
Let k(o) = 3*o**2 - 299*o - 4068. Give k(112).
76
Let k(d) = 188*d**2 + 1852*d - 73. Determine k(-10).
207
Let y(s) = -618*s - 4782. Calculate y(-8).
162
Let g(h) = -23503*h**2 - 94015*h - 12. Determine g(-4).
0
Let v(m) = -228*m**2 + 17324*m + 272. Calculate v(76).
-32
Let q(j) = 2184*j - 21747. What is q(9)?
-2091
Let v(o) = 3659*o + 11336. Calculate v(-3).
359
Let o(n) = 1552798*n + 17080784. Calculate o(-11).
6
Let t(c) = 5*c**2 - 117*c + 927. Calculate t(9).
279
Let x(h) = -h**2 - 9849*h - 314149. Calculate x(-32).
-5
Let u(o) = -7*o**2 - 21061*o - 21064. Determine u(-1).
-10
Let u(w) = 5*w**2 - 60*w - 21855. Determine u(-59).
-910
Let s(l) = l**2 + 303*l - 25071. Determine s(68).
157
Let t(i) = -5*i**3 + 4*i**2 + 222*i - 695. Calculate t(3).
-128
Let r(i) = 3*i**2 + 31*i - 68. What is r(-16)?
204
Let i(y) = -36*y**2 + 896*y - 2866. Calculate i(21).
74
Let c(l) = 2*l**2 - 2314*l - 190032. Give c(-77).
4
Let q(s) = 85*s - 25133. Give q(288).
-653
Let f(p) = 81*p**2 + 3205*p - 60. Calculate f(-40).
1340
Let r(q) = 467*q - 85463. Give r(183).
-2
Let j(f) = -189*f + 5175. Calculate j(27).
72
Let n(b) = b**3 - 61*b**2 - 74*b + 102. What is n(62)?
-642
Let a(y) = y**3 - 88*y**2 + 424*y - 282. Determine a(4).
70
Let x(w) = -29*w**3 - 2812*w**2 + 90*w - 692. What is x(-97)?
-13
Let c(t) = -3*t**2 + 319*t - 8361. Give c(59).
17
Let b(c) = 190327*c - 2284026. What is b(12)?
-102
Let y(r) = -127340*r + 3565473. What is y(28)?
-47
Let f(g) = g**3 - 268*g**2 + 5621*g + 3431. What is f(245)?
1
Let p(u) = -u**3 + 36*u**2 + 1349*u + 336. Calculate p(59).
-136
Let p(a) = a**2 - 30*a - 21072. What is p(166)?
1504
Let k(i) = -5*i**3 + i**2 - 65*i + 392. Give k(6).
-1042
Let q(l) = 4*l**3 - 77*l**2 - 255*l - 33. What is q(22)?
-319
Let x(i) = -66*i - 4944. Calculate x(-77).
138
Let l(h) = 617*h**2 + 3. Give l(1).
620
Let v(w) = 543*w**2 - 8703*w + 138. What is v(16)?
-102
Let d(l) = -l**3 - 12*l**2 + 961*l + 11528. Determine d(-12).
-4
Let m(d) = -1124*d + 182161. Give m(162).
73
Let j(k) = -44290*k - 797124. Determine j(-18).
96
Let h(j) = 3333*j + 33257. Give h(-10).
-73
Let w(g) = -55272*g + 29791612. Give w(539).
4
Let c(b) = -b**3 + 56*b**2 + 1581*b + 9212. Determine c(-10).
2
Let j(h) = -184*h + 85024. What is j(461)?
200
Let r(p) = -p**3 + 81*p**2 - 608*p + 905. What is r(8)?
713
Let x(a) = 15*a**2 - 28*a - 2497. Give x(-12).
-1
Let n(f) = -72*f**2 + 8066*f - 243. Determine n(112).
-19
Let u(b) = -b**3 - 815*b**2 + 1667*b + 26951. Determine u(-817).
-10
Let o(h) = 4966*h - 84051. Determine o(17).
371
Let o(s) = 7*s**3 - 2502*s**2 - 3943*s - 1347. What is o(359)?
807
Let m(w) = 11*w**2 + 503*w - 505. Calculate m(-48).
695
Let o(r) = -123922*r + 3098034. Determine o(25).
-16
Let i(k) = -307*k**3 + 27*k**2 + 24*k - 1. Determine i(-1).
309
Let o(k) = -2*k**3 + 59*k**2 + 88823*k - 1121. What is o(226)?
9
Let s(t) = -t**2 + 67930*t - 4750182. Determine s(70).
18
Let y(b) = -3*b**2 + 604*b - 7502. What is y(189)?
-509
Let c(x) = 3*x**2 + 744*x + 398. Determine c(-247).
-343
Let c(r) = 8*r**3 - 43*r**2 + 35*r - 175. Determine c(6).
215
Let n(o) = -o**2 - 3261*o - 1021475. Determine n(-351).
-65
Let q(m) = 14*m**2 - 180*m + 814. Determine q(14).
1038
Let 